*p - 7*p. List the prime factors of r.
2, 7, 61
Suppose 0*q = -2*q. Suppose -m + 65 = -q*m. What are the prime factors of m?
5, 13
Suppose 224*c = 239*c - 25890. List the prime factors of c.
2, 863
Let y be 0/1 + 9 + -6. Let g(z) = 9*z + 2 - 4*z - 4*z**y - 3*z**2 + 3*z**3 + 4*z. List the prime factors of g(-6).
2, 7
Suppose 0 = 56*p + 15723 - 76763. What are the prime factors of p?
2, 5, 109
Let h = 95 + -102. Let l(y) = -2*y - 1. What are the prime factors of l(h)?
13
What are the prime factors of (-12 - -16) + (-4)/4*-1234?
2, 619
Suppose 2*l = 4*s - 217 - 2401, 5*l - 15 = 0. List the prime factors of s.
2, 41
Let i(b) = b**2 + 8*b. Let f be i(-8). Suppose f*d = 2*d - 48. List the prime factors of d.
2, 3
Suppose -w + h + 350 = -4*h, -h + 1295 = 4*w. List the prime factors of w.
5, 13
Let h be (-2)/(-13) - 2/13. Suppose t - 3 = 2*t. What are the prime factors of t/(3/(-14) + h)?
2, 7
Suppose 5*n - i - 19465 = 0, -1477 = -n - 4*i + 2395. List the prime factors of n.
2, 7, 139
List the prime factors of (-1)/2*(-9586 + -152).
3, 541
Suppose -2*c + 5*c - 1743 = 0. Let n = 869 - c. List the prime factors of n.
2, 3
Let f = 62 - -86. Suppose -453 = -5*w - f. What are the prime factors of w?
61
Let k(b) be the first derivative of b**3/3 - 4*b**2 + 12*b + 3. Let w be k(6). Let n = w - -6. List the prime factors of n.
2, 3
Let m(c) = -12*c + 341. What are the prime factors of m(-10)?
461
Suppose 7*z - z = -48. Let f(o) = 2*o**2 + 3*o - 10. List the prime factors of f(z).
2, 47
Let d be 9/(-45) - (-18)/(-10). Let a be (d - -1)*-3 + -773. List the prime factors of 4/18 - a/99.
2
Let u = -1924 + 2850. What are the prime factors of u?
2, 463
Let u = -866 - -3986. List the prime factors of u.
2, 3, 5, 13
Let j be (-3)/4 - (-2 - (-342)/24). List the prime factors of (-2)/j - (-4085)/65.
3, 7
Let q(l) = 2*l**2 + 9*l + 3. Let z be q(-3). What are the prime factors of 16/24 - 44/z?
2
Suppose 44*x - 6*x - 37012 = 0. What are the prime factors of x?
2, 487
Suppose 0 = 2*c - 306 - 88. Let y = c + -99. What are the prime factors of (-14)/(-119) + y/34?
3
Let p = 80 + -150. Let f = p + 130. What are the prime factors of f?
2, 3, 5
Let c be (-1)/(2/(-4)*2). Let l(s) = 123*s**3 + 2*s**2 - 2*s + 1. List the prime factors of l(c).
2, 31
What are the prime factors of (-78)/(-4)*(-7 - (-553)/21)?
13, 29
Suppose 3*o + 4*a - 5 = 0, -4*o + 0*a + 11 = a. Suppose -2*p - 442 = -o*x, -5 = 2*p - 1. What are the prime factors of x?
2, 73
Let n = -4 + 11. Suppose -12 = -8*i + n*i. What are the prime factors of i?
2, 3
Suppose -4 = 5*q - 39. Let n = 756 + -756. Suppose n = q*j - 3*j - 120. What are the prime factors of j?
2, 3, 5
Let k(c) = 3*c - 4. Let o be k(2). Suppose 2*q = o*i + 6, 2*i + 0*i - q = -3. Suppose -5*w = -i*w - 95. What are the prime factors of w?
19
Let n be 3 + (-3 - (-3 + 3)). Suppose n = -y + 2*w + 15, -y - 2*y - 3*w = 0. Suppose -195 = -y*j + 140. List the prime factors of j.
67
Suppose 2*i + a + 0*a = 900, -2250 = -5*i + 2*a. What are the prime factors of i?
2, 3, 5
Let c be 2/(-5) + (-98)/15*3. What are the prime factors of c/(-4) + -1 + 74?
2, 3, 13
Let w be (-35)/14*(-12)/10. Let o(p) = -p - 3. Let y be o(-5). Suppose y*j - 47 = -3*c - w*j, 5*c - 3*j = 101. What are the prime factors of c?
19
Let j = 162 - 155. What are the prime factors of (-1)/(12/(-807)) - j/28?
67
Let r(o) = -11*o**3 - 2*o**2 - 2*o. What are the prime factors of r(-3)?
3, 5, 19
List the prime factors of (184/(-24) - -8)*(-1 - -982).
3, 109
Let b = 5 - 42. What are the prime factors of b/(-3) + 4/(-12)?
2, 3
Let l be (6/(-8))/((-15)/80). Suppose 18 = 4*v - l*m - 10, -m - 5 = 0. Suppose v*p - 6*p = -164. List the prime factors of p.
41
Let t(m) = -m**3 - 12*m**2 - 32*m - 8. Let s = -99 + 89. List the prime factors of t(s).
2, 7
Suppose 0 = -8*d + 12*d. Suppose -5*x + 0*b + 5*b = -25, d = -5*x - b + 7. What are the prime factors of x?
2
Suppose 0 = -2*p - v - 4, -p - 5*v - 4 = p. List the prime factors of ((-7)/((-7)/(-16)))/p.
2
Suppose 0 = -3*b - x - 2, -4*b - 15*x = -13*x + 6. Let u be (1 + 0)/(1/3). Suppose b = -u*q + 67. What are the prime factors of q?
2, 11
List the prime factors of 1065 - 7/7*1.
2, 7, 19
Let o be (-2)/(-6) - 8492/(-12). Let y be 3/6 + o/8. Let l = y + -53. What are the prime factors of l?
2, 3
List the prime factors of 2458/(-3 - (4 + -9)).
1229
Suppose 0*x - 12 = -6*x. Suppose a - x = 0, -4*g + 0*a + 2*a = -100. List the prime factors of g.
2, 13
Suppose 4*m + z + 9 = 0, -7*z = 3*m - 3*z + 10. Let f(n) = n**2 + 20*n + 28. Let k be f(-18). Let t = m - k. What are the prime factors of t?
2, 3
Let i = 274 + 28. What are the prime factors of i?
2, 151
Let h = 406 - 73. List the prime factors of h.
3, 37
Suppose v - 3*v + 5*m = 15, -v = -m + 3. Suppose v*i = -3*i + 294. List the prime factors of i.
2, 7
What are the prime factors of (9 + (-10 - 0))*-1093?
1093
Let a be ((-45)/12)/(-5) + (-63)/36. Let u(p) = 70*p**2 + 6*p + 4. What are the prime factors of u(a)?
2, 17
Let b(p) = -p**2 - 8*p - 3. Suppose 0*g + 11 = -3*h - 4*g, -3*h - 5*g = 10. List the prime factors of b(h).
2, 3
Let v = 91 - -37. Suppose -v = -c - 44. What are the prime factors of c?
2, 3, 7
Suppose -a - 2 + 5 = 0. Suppose 0 = a*r - 24 + 9. Suppose r*o - 12 = 3*o. List the prime factors of o.
2, 3
Let o = 1 - 7. What are the prime factors of 7/((18/(-21))/o)?
7
Let t = -323 + 1384. What are the prime factors of t?
1061
Let i = 206 + -73. List the prime factors of i.
7, 19
Suppose -8743 = -15*t + 4652. List the prime factors of t.
19, 47
Suppose 4*a = 5*t - 19, -a + 4*a = -4*t - 53. List the prime factors of (-453)/a - 10/55.
41
Suppose -7*h + 4*h = 4*y - 37, 4*h - 4*y = 12. Suppose 5*a = -6*t + 2*t + 19, -h = -a - 4*t. List the prime factors of (-140)/(-12) - 2/a.
11
Let c(r) = -3*r + 74. Let g be c(0). Let b = g - 61. What are the prime factors of b?
13
Suppose -2202 + 88 = -r. Suppose 12*v + 2*v = r. List the prime factors of v.
151
Let v = 403 + -212. Suppose 62 - v = -3*u + 5*b, 5*b - 23 = -u. Suppose -u - 37 = -3*m. What are the prime factors of m?
5
Suppose 1141 = -8*v + 4157. What are the prime factors of v?
13, 29
Let d = -5 + 8. Let m(p) = -p**3 - p**2 + 72. Let u be m(0). Suppose -d*g = g - u. List the prime factors of g.
2, 3
Let i = -683 + 1966. What are the prime factors of i?
1283
Let f(b) = -b**3 + 13*b**2 + b - 11. Let d be f(13). Suppose -4*c - d*s = -20, -2*c = 2*s + 1 - 9. Suppose 0 = 3*x + c - 141. List the prime factors of x.
3, 5
Let n be -2 + 0 + 0 + 0. Let k be (1 - n/(-2))/4. Suppose m + 0*m - 20 = k. List the prime factors of m.
2, 5
Let m(q) be the third derivative of 0*q + 4*q**2 + 5/24*q**4 + 1/3*q**3 + 1/60*q**5 + 0. List the prime factors of m(-5).
2
Let d(a) = -21*a**3 + 4*a**2 - 5. What are the prime factors of d(-4)?
23, 61
Suppose -f + 1879 = 4*b, -5*b - 16*f + 11*f = -2345. List the prime factors of b.
2, 5, 47
Let b be ((-8)/(-14))/((-1)/(-14)*-4). What are the prime factors of (-1)/(-1) + b + 253?
2, 3, 7
Let j = 78 + -76. Suppose 111 = -j*v + 345. List the prime factors of v.
3, 13
Let t(q) = -16*q**2 + q. Let m be t(-1). Let l = m - -39. Let o = l - -15. List the prime factors of o.
37
Let v(g) = 3*g + 36. Let b be v(-12). Suppose 2*w + 5*c - 170 - 26 = b, 5*w - 3*c = 490. List the prime factors of w.
2, 7
Let z = 49 + -56. List the prime factors of -1*(-3)/6*z*-40.
2, 5, 7
Let s(p) = -10*p**3 - 2*p - 1. Let u(r) = r**3 - r. Let d(k) = -s(k) + 4*u(k). What are the prime factors of d(2)?
109
Let s(x) = 157*x - 6. Suppose 2*k - b = 3, 3*k + 27 = 8*k + 4*b. Let q be s(k). List the prime factors of (2 - 0)/(30/q).
31
Let q = -910 - -1626. List the prime factors of q.
2, 179
Suppose 0 = 3*d - 3, -6*d = -3*m - 2*d + 200. Suppose 231 = -5*r + f, 0 = -4*r + 2*f + f - 176. Let k = m + r. What are the prime factors of k?
3, 7
Let s = -34 + 65. Let v be -4 + (s - 1)/(-5). List the prime factors of 295/7 - v/(-70).
2, 3, 7
Suppose 0 = 6*x - 2*x + 4*p - 952, -x = -4*p - 248. What are the prime factors of x?
2, 3, 5
Let i be (3/(3/(-14)))/(34/(-85)). What are the prime factors of 1 + 0/4 + i?
2, 3
Suppose 5*p = 17*p - 6060. What are the prime factors of p?
5, 101
Let x be (2/(-4) + -3)*2. What are the prime factors of (6/(-4))/(x/238)?
3, 17
Let v(m) be the second deriva